e the prime factors of 116923953?
3, 173, 225287
List the prime factors of 70513501.
17, 131, 31663
What are the prime factors of 1528286404?
2, 47, 8129183
List the prime factors of 167354339.
167354339
What are the prime factors of 114293451?
3, 97, 392761
What are the prime factors of 442566393?
3, 9439, 15629
List the prime factors of 338956588.
2, 84739147
What are the prime factors of 171971961?
3, 7, 59, 138799
What are the prime factors of 71337526?
2, 13, 2743751
List the prime factors of 140822734.
2, 13, 59, 91801
List the prime factors of 1826721718.
2, 913360859
List the prime factors of 5127798599.
7, 11, 181, 52561
What are the prime factors of 934354901?
17, 1931, 28463
What are the prime factors of 156348530?
2, 5, 13, 19, 63299
What are the prime factors of 781603757?
11, 71054887
List the prime factors of 100324042.
2, 7, 13, 551231
What are the prime factors of 299505384?
2, 3, 31, 44729
What are the prime factors of 88784181?
3, 121789
List the prime factors of 181691400.
2, 3, 5, 11, 27529
List the prime factors of 6448623.
3, 919, 2339
List the prime factors of 38732560.
2, 5, 61, 7937
List the prime factors of 1791110806.
2, 895555403
List the prime factors of 128380640.
2, 5, 463, 1733
List the prime factors of 5750323800.
2, 3, 5, 13, 41, 17981
What are the prime factors of 885595755?
3, 5, 11, 31, 173137
List the prime factors of 1533868700.
2, 5, 7, 13, 73, 2309
What are the prime factors of 6926009501?
41, 173, 976457
List the prime factors of 137391968.
2, 7, 613357
List the prime factors of 168388758.
2, 3, 113, 82787
What are the prime factors of 276844491?
3, 7, 11, 23, 1579
What are the prime factors of 2342726358?
2, 3, 7, 31, 36721
List the prime factors of 26940939.
3, 8980313
What are the prime factors of 633417844?
2, 773, 204857
What are the prime factors of 138240551?
138240551
List the prime factors of 395186943.
3, 23, 5727347
List the prime factors of 600296948.
2, 150074237
What are the prime factors of 1001907586?
2, 500953793
What are the prime factors of 62498303?
7, 8928329
List the prime factors of 44817788.
2, 2887, 3881
What are the prime factors of 3537854?
2, 1768927
List the prime factors of 2148020520.
2, 3, 5, 163, 193, 569
List the prime factors of 7495361.
7495361
List the prime factors of 32589665.
5, 6517933
List the prime factors of 7297616.
2, 43, 10607
What are the prime factors of 821129359?
17, 48301727
List the prime factors of 274213520.
2, 5, 7, 53, 9239
What are the prime factors of 581134192?
2, 23, 1579169
List the prime factors of 100761247.
193, 522079
List the prime factors of 3811502782.
2, 17, 112103023
List the prime factors of 1505844989.
11, 17, 8052647
List the prime factors of 62560966.
2, 13, 23, 233, 449
List the prime factors of 55511152.
2, 3469447
List the prime factors of 30278863.
157, 192859
List the prime factors of 358040547.
3, 1523, 8707
List the prime factors of 4940671805.
5, 11719, 84319
What are the prime factors of 32350770?
2, 3, 5, 113, 3181
List the prime factors of 244088551.
7, 1237, 4027
List the prime factors of 193642211.
7, 27663173
List the prime factors of 1720917499.
7, 245845357
List the prime factors of 1436992852.
2, 47, 101, 75679
What are the prime factors of 654113973?
3, 313, 696607
What are the prime factors of 178737118?
2, 7, 12766937
What are the prime factors of 118804761?
3, 293, 45053
List the prime factors of 7395782819.
463, 15973613
List the prime factors of 36341134.
2, 541, 33587
List the prime factors of 123753319.
17, 7279607
List the prime factors of 2909375506.
2, 1454687753
What are the prime factors of 227421402?
2, 3, 13, 151, 19309
What are the prime factors of 1344808259?
977, 1376467
List the prime factors of 737552756.
2, 184388189
List the prime factors of 132655457.
11, 79, 293, 521
List the prime factors of 787702993.
7, 11, 10229909
List the prime factors of 89300988.
2, 3, 7, 19, 6217
What are the prime factors of 3098697722?
2, 73, 21223957
List the prime factors of 922666100.
2, 5, 9226661
List the prime factors of 2887195785.
3, 5, 97, 1984327
List the prime factors of 187635954.
2, 3, 11, 37, 76837
List the prime factors of 458249415.
3, 5, 13, 41, 4409
List the prime factors of 5755140814.
2, 467, 1931, 3191
What are the prime factors of 5520754795?
5, 29, 38074171
List the prime factors of 2938083807.
3, 31, 197, 160367
List the prime factors of 25178469.
3, 41, 277, 739
What are the prime factors of 34148415?
3, 5, 7, 19, 17117
List the prime factors of 76841600.
2, 5, 11, 37, 59
What are the prime factors of 270438538?
2, 239, 565771
List the prime factors of 91666142.
2, 17, 2696063
List the prime factors of 264868543.
9871, 26833
List the prime factors of 784473380.
2, 5, 1877, 20897
List the prime factors of 30573242.
2, 7, 17, 19, 6761
List the prime factors of 178343784.
2, 3, 59, 41983
List the prime factors of 394313531.
281, 1403251
What are the prime factors of 711159294?
2, 3, 118526549
What are the prime factors of 177489270?
2, 3, 5, 7, 167, 241
What are the prime factors of 643664597?
233, 1019, 2711
What are the prime factors of 52415872?
2, 409499
What are the prime factors of 1238644899?
3, 45875737
What are the prime factors of 1653148102?
2, 17, 433, 112291
List the prime factors of 351219840.
2, 3, 5, 182927
What are the prime factors of 322245108?
2, 3, 79, 179, 211
List the prime factors of 1109447947.
1867, 594241
List the prime factors of 93173778.
2, 3, 5176321
What are the prime factors of 1072136296?
2, 7, 11, 1740481
List the prime factors of 258988287.
3, 239, 361211
List the prime factors of 16088679.
3, 595877
List the prime factors of 940987875.
3, 5, 2509301
List the prime factors of 17113085.
5, 11, 31, 10037
List the prime factors of 33209071.
7, 61, 77773
List the prime factors of 56816348.
2, 23, 599, 1031
List the prime factors of 3121282841.
17, 59, 1153, 2699
List the prime factors of 594814761.
3, 2141, 30869
What are the prime factors of 4898482659?
3, 7, 89, 431, 2027
List the prime factors of 3310542076.
2, 23, 3041, 11833
What are the prime factors of 175601294?
2, 11, 7981877
List the prime factors of 818050574.
2, 11, 17, 2187301
What are the prime factors of 23325822?
2, 3, 13, 83, 1201
What are the prime factors of 46486806?
2, 3, 17, 19, 83
List the prime factors of 2832278346.
2, 3, 1627, 32237
List the prime factors of 788783871.
3, 31, 37, 41, 5591
List the prime factors of 15646254.
2, 3, 13, 29, 6917
What are the prime factors of 2109553902?
2, 3, 17, 29, 79241
What are the prime factors of 8132773948?
2, 13, 599, 261101
List the prime factors of 581367064.
2, 47, 1546189
What are the prime factors of 81156120?
2, 3, 5, 197, 3433
What are the prime factors of 105072526?
2, 13, 37, 239, 457
List the prime factors of 309575005.
5, 61915001
List the prime factors of 49612188.
2, 3, 17, 243197
What are the prime factors of 1467717125?
5, 7, 601, 2791
List the prime factors of 571171.
41, 13931
List the prime factors of 743806005.
3, 5, 37, 197, 6803
List the prime factors of 3788938588.
2, 223, 4247689
List the prime factors of 35927097.
3, 11975699
What are the prime factors of 2405326383?
3, 193, 503, 2753
List the prime factors of 22030735.
5, 41, 107467
List the prime factors of 25880395.
5, 5176079
List the prime factors of 1124858363.
17, 66168139
List the prime factors of 2080903582.
2, 31, 3217, 10433
List the prime factors of 48685734.
2, 3, 239, 11317
What are the prime factors of 186025952?
2, 7, 29, 4091
What are the prime factors of 416123003?
359, 557, 2081
What are the prime factors of 1047165077?
7, 349, 428639
What are the prime factors of 279263374?
2, 13, 239, 3457
List the prime factors of 1138625.
5, 9109
List the prime factors of 19607290.
2, 5, 17, 115337
List the prime factors of 2285389230.
2, 3, 5, 83, 917827
What are the prime factors of 4236008?
2, 7, 67, 1129
List the prime factors of 1648535153.
1648535153
What are the prime factors of 2854289579?
17, 41, 67, 61121
What are the prime factors of 85677593?
19, 101, 44647
What are the prime factors of 846829177?
17, 53, 199, 4723
List the prime factors of 1046678375.
5, 223, 37549
List the prime factors of 46104227.
13, 47, 61, 1237
List the prime factors of 920